t s(u) = 5*u - 1. Determine s(v).
-6
Let n(i) be the third derivative of i**6/120 - 19*i**5/30 - 19*i**4/12 - 37*i**3/6 + 2*i**2 - i + 89. Calculate n(39).
2
Let d(z) = 7 - 3 - 2*z + 4 - 2. Let i be 0 + ((1 - 2)*0 - 0). Let u(t) = -t**3 + 2*t + 5. Let b be u(i). Determine d(b).
-4
Let v be (2 - 24/11) + 848334/561. Let c(t) = v*t**3 + 23 + 3*t**2 - 1511*t**3 - t - 3*t**2. Calculate c(0).
23
Suppose -349*y = -337*y - 108. Let r(q) = q**2 - 12*q + 10. Calculate r(y).
-17
Let y(o) = o**3 + 6*o**2 + 3*o - 1. Suppose 3*z = 2*z + 4*w + 223, -2*w = -4*z + 920. Suppose -z = -0*d + 5*d + k, 5*d - 4*k = -226. Let r = d - -41. Give y(r).
9
Let r(x) = -2*x + 11. Suppose 4 = -0*w + 2*w - o, 2*o = 0. Let l be 135/(-12) - -2*w/16. Give r(l).
33
Let p(q) = -1 - 6 + 7 + 2*q. Let u = 1 - 5. Let v(n) = n. Let t(k) = u*p(k) + 7*v(k). Give t(4).
-4
Let q = -278 + 305. Suppose q*l - 8 = 26*l. Let n(y) = -y**3 + 6*y**2 + 15*y + 11. Calculate n(l).
3
Let g(v) = -15*v**2 + 8*v - 13. Let s(f) = -8*f**2 + 5*f - 7. Let n(u) = -4*g(u) + 7*s(u). Give n(-2).
13
Let r(g) = -g - 4. Let x be (60/27*6)/((-4)/(-24)). Suppose -15*q + x = -11*q. Let y be ((-32)/q)/(0 - 1/(-5)). Calculate r(y).
4
Let r(x) = 464*x + 2330. Let q be r(-5). Let s(l) = -l**2 + 10*l - 2. Determine s(q).
-2
Let r(d) be the second derivative of 13*d**4/12 - d**3/3 - d**2 + 28*d. Let a be r(2). Let v(g) = -21 + a - 18 - g**3 + g. Determine v(0).
7
Suppose 0*r = 5*r + 20, 17 = b - 5*r. Let z be -21*b/(-15)*5/3. Let v(q) = -q**2 - 7*q - 4. Determine v(z).
-4
Let j(f) be the second derivative of f**4/12 - 5*f**2 - 23*f. Let m be 48/216 - 4/18. Give j(m).
-10
Let k(z) = 38*z - 3. Suppose 366 = 136*d + 502. Calculate k(d).
-41
Let p(o) = -19*o + 61. Let u(j) = -61*j + 196. Let g(t) = 16*p(t) - 5*u(t). Suppose -2*x = -0*x. Give g(x).
-4
Let l(n) = -n**2 - 7*n - 4. Let c be l(-6). Let q(b) be the third derivative of 0*b**3 + 0 + 2*b - b**2 - 1/6*b**4. What is q(c)?
-8
Suppose -9*j + 692 = -604. Let v(d) = 72*d + 1 + 70*d - j*d. Calculate v(-7).
15
Let v be (-6 - -4) + -1 - -6. Let j(z) = 143*z - 9*z**v + 2 - 145*z + z**2 + 10*z**3. Calculate j(-3).
-10
Suppose 0*p + p - 19 = -5*a, -20 = -5*p. Let y(d) = -2*d**a + d**3 + d - 3*d - d + 3*d**2. Let i(q) = -q**2 + 9*q + 2. Let z be i(9). Give y(z).
-2
Suppose -140*d + 14*d = 44*d. Let h(u) be the first derivative of -2 + 1/2*u**2 + 13*u. Give h(d).
13
Let i(o) = 4*o**2 - 3*o - 2. Let f(l) = -l**2 + l + 3. Let b(s) = -3*s**2 + 3*s + 8. Let z(c) = -3*b(c) + 8*f(c). Let a(w) = 2*i(w) - 9*z(w). Give a(4).
-8
Let j = -11209 + 11233. Let h(w) = -w**3 + 24*w**2 - w - 33. Calculate h(j).
-57
Let t(u) = 16*u**2 - 8*u + 74. Let i be t(5). Let x = i + -432. Let j(h) = h**3 - 5*h**2 + 4*h. Give j(x).
-4
Suppose -4*n + 17 = y, 6*n + 10 = 2*y + 8*n. Let s be (y + 0 + -15)/2. Let r(j) = -j**2 - 8*j + 8. What is r(s)?
15
Let a(r) = -6 - 15*r**2 - 7*r + 16*r**2 - 2*r**2 + 2. Let v be 17/(-3) - 2/6. Calculate a(v).
2
Suppose 5*u + 12 = 8*u. Suppose 12 = 3*c + 4*s, 0 = -u*c - 0*s + s - 3. Suppose -x + 4*x - 8*x = c. Let j(l) = l + 1. Determine j(x).
1
Let t(p) be the first derivative of p**4/6 - 2*p**3/3 + 144*p - 106. Let o(q) be the first derivative of t(q). Determine o(3).
6
Let h(t) = t - 3. Suppose 24*s - 13*s - z + 210 = 0, 3*s + 60 = 3*z. Suppose 105 = 4*i + i. Let v = i + s. What is h(v)?
-1
Let r(a) = -9*a**3 + 8*a**2 - 26*a - 154. Let x(q) = 23*q**3 - 17*q**2 + 52*q + 306. Let t(o) = 5*r(o) + 2*x(o). Give t(-6).
-2
Let v(g) = -g + 5. Let m be (2 + -2)/(3 + -2). Let d(o) = -o + 2*o + o + m - 6. Let j(f) = -6*d(f) - 7*v(f). Calculate j(2).
-9
Let c(z) = z**2 - 5*z + 6. Suppose 25*f = 29*f - 240. Suppose -j + 13 = -4*n, -2*j - f = 3*j + 5*n. Let s = 12 + j. Calculate c(s).
6
Let m(t) be the first derivative of -t**4/4 + 31*t**3/3 + 32*t**2 + 61*t - 2282. Calculate m(33).
-5
Let d(b) = b**3 + 2*b**2 + 3*b + 10. Let c be ((-276)/(-368))/(44/16 - 3). Calculate d(c).
-8
Let q(w) = 60*w - 71. Let o be q(1). Let m(l) = 106 + 6*l + 4*l**2 - 3*l**2 - 100 + 10*l - 4*l. Determine m(o).
-5
Let b(m) be the first derivative of -m**2 - m - 1058. What is b(-7)?
13
Let k(p) = 7 - 5 - 13 - 3*p - 6 + 0. Give k(-13).
22
Let n(z) = -174*z**2 + 6*z - 20. Let b(k) = 139*k**2 - 7*k + 20. Let o(r) = 5*b(r) + 4*n(r). Determine o(-12).
8
Let u(j) = 2*j + 8. Let o(h) = h**2 - 12*h - 261. Let n be o(23). What is u(n)?
-8
Let v(d) = 30*d - 4. Let i(n) = -77*n + 12. Let r(k) = -3*i(k) - 8*v(k). What is r(-1)?
5
Let p(w) be the second derivative of 2*w**4/3 + w**3/6 - 152*w + 28. Let r be (-2)/9 - 22/(-18). What is p(r)?
9
Let t(u) = u - 2. Let h = 546 + -563. Let m(o) be the second derivative of o**5/20 + 3*o**4/2 + 3*o**3 + 13*o**2/2 + 2*o. Let d be m(h). Give t(d).
-6
Suppose -k - 17938 = -4*g, g - 3522 - 971 = -4*k. Let i(d) = -d - g + 2239 + 2240. Let z = 13 - 21. Give i(z).
2
Let z(h) = h**3 - 115*h**2 + 256*h**2 - 135*h**2. Suppose 2*a = -3*y + 4 - 30, a + 22 = -3*y. What is z(y)?
0
Let r(b) = b**2 - 7*b + 6. Suppose 4*q + 4*m - 2*m = 5660, 0 = -4*q + 4*m + 5636. Suppose q*z = 1410*z + 15. Calculate r(z).
-4
Let r(j) = -2*j + 277. Let k be r(5). Let n be ((-1424)/k)/((-1)/(-3)). Let c(t) = t + 19. Give c(n).
3
Let p(v) = v**2 - 15*v - 23. Let u be p(19). Let i = 55 - u. Suppose 0*k + i*k = -k. Let o(s) = s**3 - s**2 - s + 12. What is o(k)?
12
Let v be 68/5 + (-4)/(-10). Let a(u) = -4 - 31*u**2 - 4*u + v*u**2 + 18*u**2. Let l = -618 + 621. Determine a(l).
-7
Let r(t) = t**3 + 11*t**2 - 48*t + 163. Let u be r(-15). Let o(z) = -z**2 - 18*z - 37. Determine o(u).
-20
Let u be (117/6)/((-10 - -7)/(-6)). Let t = u + -30. Let o(a) = 2*a**2 - 17*a - 6. What is o(t)?
3
Suppose 9*s - 12 = -t + 4*s, 5*t = 3*s - 24. Let i(z) be the first derivative of -z**4/4 - z**2 + z - 116140. What is i(t)?
34
Let d(m) = -m**2 - m + 3. Suppose 7*c = 2*c + 20. Suppose -2*w + 2 = p + c, 5*p + w = 8. Suppose 7*t + p = -26. Determine d(t).
-9
Let h(b) = b**2 + 12*b + 6. Suppose 36 - 6 = -3*s. What is h(s)?
-14
Let v(n) = n**3 + 2*n**2 + 6*n. Let q(z) = 7*z**3 + 7*z**2 + 38*z - 12. Let l(b) = -q(b) + 8*v(b). Suppose 0 = 5*m + r + 37, -2*m + 2*r - 18 = 4. Give l(m).
-4
Let c(n) be the first derivative of -n**4/4 + n**2 - 3*n - 1126. What is c(2)?
-7
Let l be 8/(-1) + (1 - 1). Let p(o) = -14*o + 4 - 24*o - 27*o + 89*o - o**2 - 32*o. What is p(l)?
4
Let f be 2/(-13)*(392 + -405). Let y(z) be the first derivative of 1/4*z**4 + 0*z**2 + f*z**3 - 6 + 3*z. Calculate y(-6).
3
Let p(i) = -20 + 44 - 22 + 2*i + 3*i**2. Let n(x) = 3*x**2 - 8*x - 5. Let f be n(3). What is p(f)?
10
Let r(t) = 3*t + 13. Let s(f) = 2*f - 1. Let u(m) = -r(m) - s(m). Let i(w) = -14*w - 34. Let v = 40 + -29. Let z(g) = v*u(g) - 4*i(g). What is z(-5)?
-1
Suppose 14*i = 8 + 62. Let q(b) = 36*b**2 + 3*b - 35*b**2 - 6*b. Calculate q(i).
10
Let r(a) = 53*a - 3491. Let q be r(66). Let t(k) be the first derivative of -2*k**2 + 9*k - 2. Determine t(q).
-19
Let s = -1787 - -1796. Let l(h) = 2*h**3 - 15*h**2 + 16*h + 31. Let f(k) = 3*k**3 - 22*k**2 + 24*k + 47. Let t(c) = 5*f(c) - 8*l(c). Calculate t(s).
-4
Let s(z) = z**3 - 3*z**2 - 3*z + 4. Let a(j) = -16*j - 13. Let w(k) = -16*k - 113. Let x be w(-7). Let y be a(x). Calculate s(y).
-5
Let p(b) be the second derivative of b**5/20 - 5*b**4/12 - 4*b**3/3 + 9*b**2/2 + 21*b. Let x = -4 + 7. Suppose -o + x*z = 6, -z - 12 = -4*z. Determine p(o).
-3
Let n = -2212 - -4429/2. Let s(o) be the second derivative of 0 - 20*o + 1/6*o**3 + n*o**2. Give s(-6).
-1
Let z(g) be the third derivative of -g**4/24 - g**3/6 + 314*g**2 + 4. Determine z(-17).
16
Let t(p) = -p**2 + p - 1. Let f(i) = 6*i**2 - 5*i + 13. Let u(m) = -f(m) - 5*t(m). Let s = 1417 - 1417. What is u(s)?
-8
Let l(o) = 210*o + 10699. Let w be l(-51). Let t(k) = -2*k**2 - 32*k - 103. Give t(w).
7
Suppose 0 = -3*a + 5*q - 1, -2*a - 2*q = -a - 18. Let f be 67/7 + a/(-14). Let t(p) = -f + p - 7 + 13. Calculate t(5).
2
Let d(g) = -g**3 - 14*g**2 + 18*g + 11. Let z be (-180)/108*(-63)/(-7). Give d(z).
-34
Let p(i) = 12*i + 1. Let g = 93 + -167. Let m = g - -73. What is p(m)?
-11
Suppose -60 = 143*x - 155*x. Let n(k) = -k**3 + 5*k**2 + 6*k - 2. Calculate n(x).
28
Let f(i) = i**3 - 14*i**2 - 20*i + 17. Let o be 32 + (-7 + 3 - 13). Calculate f(o).
-58
Let o(j) = -7*j + 243. Suppose -9